f m?
9
Suppose -5*x = 3*h + 2*h + 225, -2*x - 216 = 5*h. What is the tens digit of ((-5)/2)/(h/4116)?
4
Let i(k) = 11*k**2 + 68*k - 6. What is the tens digit of i(-15)?
4
Let y be (-36)/(-90) - 58/(-5). Suppose -y = -3*w, -2*f + 0*w = 2*w + 132. What is the tens digit of 14/3*(-300)/f?
2
What is the thousands digit of ((-25 + -1643)/2)/(4/(-46))?
9
Suppose -9*l - l + 68410 = 0. What is the thousands digit of l?
6
Suppose -10*x = -15*x + 3*u - 2299, 0 = -4*x - 2*u - 1848. Let n = x + 478. What is the tens digit of n?
1
Suppose 715140 = 27*x + 3*x. What is the hundreds digit of x?
8
Let c(n) = -2*n + 8. Let x be c(7). Let q be (-4)/10 - (-20)/25*3. What is the tens digit of 41/q*(x - -8)?
4
Suppose 0 = 4*a + 7 - 31. Suppose a*c = 7612 - 1792. What is the hundreds digit of c?
9
Let w(x) = -5*x - 172. Let p be (-6)/((-392)/(-48) + -8). What is the units digit of w(p)?
8
Let f = 3381 + 5499. Suppose 5*z - 17*z = -f. What is the hundreds digit of (-18)/15*z/(-8)?
1
Let f(t) = 23*t**2 + 26*t + 124. What is the units digit of f(-8)?
8
What is the units digit of 150/275*-11 - -66345?
9
Suppose -8*q + 1205 = -443. Let p = -146 - -95. Let z = p + q. What is the tens digit of z?
5
Let h = -1491 + 34432. What is the hundreds digit of h?
9
Suppose 402 = -5*y - 163. Let t = -30 - y. Let v = t + -24. What is the units digit of v?
9
Let o = -251 - -249. What is the hundreds digit of 6/4*-1 - 1201/o?
5
Suppose -62*q + 1685485 = 163*q - 3219740. What is the thousands digit of q?
1
What is the ten thousands digit of ((-355059)/15)/(18/(-30))?
3
Suppose b + m + 12 = 0, -20 = -2*m + 6*m. Let u(g) = g + 40. Let v be u(b). Let z = 48 - v. What is the tens digit of z?
1
Let q = 25140 + -13728. What is the thousands digit of q?
1
What is the hundreds digit of ((-72756)/(-2115))/((-1)/(4090/(-4)))?
1
Suppose 12*b - 9*b = -15. Let j be 2*(-6)/(-4) + b + 87. Let q = j - -45. What is the hundreds digit of q?
1
Let v = -1 + 1. Suppose 2690 = 3*s + 5*r + 2670, 5*s = -4*r + 29. Suppose v = -2*w - s*h + 67 + 286, 178 = w + 3*h. What is the units digit of w?
9
Suppose 33*z + 891888 = 101*z. What is the hundreds digit of z?
1
Let m = -15599 + 51704. What is the thousands digit of m?
6
What is the tens digit of 30981 + 1 - (22/(-4) - 325/130)?
9
Suppose 2*y = 2*u - 450, 4*y - 3*u + 7*u = -892. Let l = 403 + y. What is the hundreds digit of l?
1
Let t(q) be the first derivative of -9*q - 5/2*q**2 + 10 + 1/4*q**4 - 2*q**3. What is the units digit of t(8)?
9
Suppose 5*c - 5*u = 32000, 0*u = -3*c - 3*u + 19200. What is the tens digit of c?
0
What is the thousands digit of 3 + -9 + (2 - 7)*(-7 + -18180)?
0
Let q be 3 + (0 - (4 + -3)). Suppose -y - 2*c = 13, -q + 0 = 2*c. Let m = 47 - y. What is the units digit of m?
8
Suppose 9*x + 546 = 2*x. Let l be 12624/x + (-1)/(-13)*-2. What is the units digit of (-6)/15 + l/(-30)?
5
Suppose -34*l + 28*l + 51786 = 0. Let r = l + -3624. Suppose -17*g = -r + 1165. What is the tens digit of g?
2
Suppose 0 = -3*o - 0*o + 231. Let h = o + -32. Let k = h - 19. What is the tens digit of k?
2
Let v be (-4)/26 - (86440/13)/(-8). Let m = v + -414. What is the tens digit of m?
1
Let r(h) = 15*h**3 - 105*h**2 - 13*h + 217. What is the units digit of r(21)?
4
Let q be -3*(-1)/1*(-2420)/(-15). Suppose -16*r + q = -12*r. What is the hundreds digit of r?
1
Suppose 0*k = -4*k - 264. Let p = -63 - k. Suppose p*h - 284 = h. What is the units digit of h?
2
Suppose 0 = 5*k + 5*s + 5540, 1414 = -2*k - 5*s - 811. Let d = -349 - k. What is the hundreds digit of d?
7
Let t = 6383 + -761. What is the tens digit of t?
2
Let s(u) = -154*u**3 + 6*u**2 - 116*u - 438. What is the thousands digit of s(-4)?
9
Let n = -461 - -467. Suppose -34*c = -n*c - 41804. What is the thousands digit of c?
1
What is the tens digit of 56180/44 - ((-54)/(-33))/(-9)?
7
Suppose -b = 2*y + 5, -y + 6 = 10. Suppose -4*q = -6*q - 10, a + b*q - 902 = 0. What is the hundreds digit of a?
9
Let l = -941 - -3068. Suppose -5*u + l = -5*c + 177, u + c - 392 = 0. What is the hundreds digit of u?
3
Suppose -135*r = -128*r - 63644. Suppose -63*l + r = -14974. What is the tens digit of l?
8
Let p(d) = 4*d - 43. Let c be p(8). Let r = c - -156. What is the tens digit of r?
4
Let s be (-2)/(-8) + 33435/(-60) + -5. Let y = s + 1358. What is the tens digit of y?
9
Let s = 12580 + -6787. What is the hundreds digit of s?
7
What is the ten thousands digit of (-2 + 16/12)/((-27)/162) + 12427?
1
Let n be ((-21)/(-2))/((-2)/(4*-3)). Let i be -2 + (-29)/7 - (-9)/n. What is the units digit of (-168)/(-2) + i/(-6)?
5
Let f be (4 - (2 + 1)) + 1. Suppose w + 86 - 360 = -5*z, f*z = -5*w + 1462. Let h = -207 + w. What is the tens digit of h?
8
Let i(h) = h**2 + 7*h. Let d(w) = w**2 + 6*w + 1. Let o(z) = 3*d(z) - 2*i(z). Suppose -3*q + 30 + 3 = 3*u, -2*u = -3*q + 18. What is the tens digit of o(q)?
9
Let y be 1661/(-3) - 19/57. Let r = -201 - y. What is the tens digit of r?
5
Let u = 527 - 253. Suppose 13*w = 2*t + 9*w - 314, -2*t - 4*w + u = 0. What is the units digit of t?
7
Let p(z) = -4*z**2 + 599*z + 96. What is the hundreds digit of p(103)?
3
What is the hundreds digit of (-1 - (-27)/21)/(1/7) + 12137?
1
Let m = -656 + 656. Let y(t) = -t**2 - t**2 - 2*t + 8 + 8 + 3*t**3 - 2*t**3. What is the tens digit of y(m)?
1
Suppose -3*y + 50 = -l + 2*l, -4*l + 125 = -3*y. Suppose -8*h = -3*h - l. Suppose -h*t + 726 = 236. What is the tens digit of t?
7
Let n(w) = -255*w - 7700. What is the ten thousands digit of n(-127)?
2
What is the units digit of -224 + 901 - (1 - 0)?
6
Suppose 126528 = 2*s + 6*x, 19*x - 15*x - 189787 = -3*s. What is the thousands digit of s?
3
What is the tens digit of 0 - 9 - (-12852 + 391)?
5
Suppose 0 = -44*j + 83 + 225. Suppose 2*s + 2*v - 1220 = 0, -5*v = j*s - 11*s + 2413. What is the tens digit of s?
0
Let n(j) = 29*j**2 - 59*j - 13. Let p be (-217)/(-14) + -9 + (-2)/(-4). What is the tens digit of n(p)?
9
What is the tens digit of (-224257)/(-2204) + (0 - 5/(-4))?
0
Let r be (5 + 154/(-4))*2. Let b = -49 - r. What is the tens digit of (0 - 3 - -6)*b?
5
What is the units digit of (-630 + 544)*(17/(-2) + 0)?
1
Let s be ((-3)/(-15))/(-1) - (-905)/25. Let g = s + -27. What is the tens digit of (g/(-2))/(4 + 402/(-96))?
2
Suppose -4*h + 317 = 5*m - 6479, -3*h - 4*m = -5098. Suppose h = 11*q + 660. What is the units digit of q?
4
Let v = -41344 - -72360. What is the thousands digit of v?
1
Let g = -78 + 95. Let q(v) = -v**2 + 22*v - 24. What is the units digit of q(g)?
1
Suppose 0 = 5*m - 15*m - 80. What is the tens digit of ((-3138)/m)/((-141)/(-188))?
2
Let b = 5095 + 947. What is the thousands digit of b?
6
Let u = -26 + 188. Suppose -5*g + 88 = -u. What is the units digit of g?
0
Let x(w) be the third derivative of 49/60*w**5 + 0*w + 0 + 3/8*w**4 + 33*w**2 - 8/3*w**3. What is the hundreds digit of x(2)?
1
What is the thousands digit of 14984/1 + (-3 + 165)/(-18)?
4
Suppose 1197157 - 4411531 = -199*x + 6532248. What is the ten thousands digit of x?
4
Suppose 4*j - 5*r = 25, 4*r - 2 - 10 = 0. Suppose -j*v - 103 = -1633. What is the hundreds digit of v?
1
Let u = 23 + -20. Suppose 23*x = -u*x + 17082. What is the hundreds digit of x?
6
Suppose 37*h - 32*h + 4*y = 76, -12 = -2*h + 3*y. What is the hundreds digit of (h/36)/(2/1830)?
3
Let s be 7*1 + 48/(-8) + 7. Suppose -4*a = -5*a + s. Suppose 499 = -a*g + 2459. What is the hundreds digit of g?
2
Suppose -28*c - 39*c = 27*c - 1991672. What is the thousands digit of c?
1
Let q(w) = 172*w**3 - 2*w**2 + 12*w - 10. Let n be q(1). Let s = n - -17. What is the tens digit of s?
8
Let u(m) = -210*m - 2060. What is the tens digit of u(-11)?
5
Let o(s) = -s**3 - 12*s**2 + 26*s - 20. Let r = 337 - 112. Let x be r/(-18) - 3/2. What is the units digit of o(x)?
8
Suppose 4*r = -3*g + 128252, -216*r = -g - 215*r + 42767. What is the hundreds digit of g?
7
Let w = -5133 - -14314. What is the tens digit of w?
8
Suppose -36*p + 636462 = 78*p. What is the units digit of p?
3
Let o = 14325 - 7818. Suppose -14*v + 2649 = -o. What is the hundreds digit of v?
6
Let n(w) = -w**3 + 29*w**2 + 31*w - 131. Let f be n(32). Let m = -725 - f. What is the hundreds digit of m?
4
Suppose -2*n + 78 = 4*c, -3*c - 6*n + 4*n + 58 = 0. Suppose q = 3*q - 5*p - 22, c = -5*p. What is the hundreds